- -13))
23
What is 80 + 68 + -159 + (8 - -2) + -2 + 38?
35
What is 13 - (-12 - (-13 - 5)) - (-6 + 1) - 3?
9
What is (-6 - (4 + -5 + 2)) + (-25 - 34)?
-66
What is -100 + 97 + -1 + -3 - (-79 + 14 - 18)?
76
What is the value of (-1 + 3 - 10) + (16 - 37 - 10)?
-39
What is 0 + 46 - (26 - (25 + 4))?
49
Calculate 6 + 10 - (-31 - (-37 - 34)).
-24
What is the value of 80 - 12 - (13 + 22 + -18)?
51
What is -27 + (38 - -92) - 92?
11
Calculate (5 - (1 - 1)) + (8 + -16 - (-9 - -52)).
-46
(56 - (-1 + 0 + (-43 - -50)) - -5) + -4
51
What is 46 + -47 + 72 - 69?
2
What is the value of -19 + -38 + 4 + (3 - 1) - -2?
-49
-9 + -10 + 49 - 43
-13
-34 + 1 + 3626 + -3640
-47
Evaluate -42 - -43 - ((32 - 5 - 28) + 1 + -19).
20
What is the value of 324 + -328 + (-3 - -31) + 64?
88
Evaluate 33 + (20 - (-25 - -10)) - 27.
41
What is the value of (39 + -12 - 19 - (1 - 1)) + 9 + -54?
-37
(-1 - (-1 + -11) - (31 - (70 + -120))) + 10
-60
Evaluate (-31 - (-15 - (21 - 19))) + 106 - -4.
96
What is the value of (157 - 1) + 14044 + -14328?
-128
Evaluate (391 - 379) + (-3 - (-45 - 8)) - (1 + 2).
59
Calculate 20 - (67 - (118 + -70)) - (0 + (-2 - -81)).
-78
What is (-6 - 12) + (18 - 21) - 17?
-38
Evaluate (9 - -70) + 9 + 0 + -2 + -15.
71
152 + (23 - 108) + 49
116
What is the value of -25 - (2 + -9 + -52)?
34
(8 - -8) + -2 + -104 + -19 + 18
-91
What is the value of -89 + (-3 - -36) + -30 + 5 + 7?
-74
Calculate -4 + 9 + -3 - (-66 + -29).
97
Calculate (-29 - -13) + 62 + -94.
-48
Calculate -2 + ((-18 + -3 - 5) + 8 - -56).
36
Evaluate ((6 - 6) + -1 - 4) + (20 + -20 - 5).
-10
Evaluate -2 + (14 - -47) - (4 - (0 - (-10 - -5))).
60
What is 40 - (-527 + 507 - (0 + -14) - (0 - 0))?
46
32 + (-22 - -30 - (-10 - 2))
52
What is -199 - (124 + -284 - -43)?
-82
What is the value of 3 + 47 + (915 - 878)?
87
11 - ((-5 - (-9 + -35)) + 9)
-37
Evaluate -20 - -9 - (2 - -33).
-46
Evaluate 12 - (-23 + 3) - (-1 + -6 - 2).
41
Calculate 91 + (-55 - 79) + (0 - -9).
-34
(75 - (-73 + 78)) + -34
36
(-81 - -1) + (-7725 - -7867)
62
Evaluate (-28 + 4 - 11) + 38.
3
What is -1 + -1 - 2 - (-6 + (23 - 25))?
4
Calculate (10 - -4) + 7 + -106 + (5 - (0 - 8)).
-72
Calculate 21 + (-56 - (20 - -4)).
-59
Calculate (2 + 53 - -2) + 35.
92
What is -9 + 0 - ((-25 - -57) + (3 - 26))?
-18
What is the value of -11 + (-1640 - -1698) + (-1 - 0)?
46
(24 - (-2 + 33)) + (-24 - 0)
-31
Evaluate 47 + (12 + -27 + 23 - (0 + 5)).
50
What is 3 + -3 + -118 + (23 - 14) - -11?
-98
Calculate -1 - -59 - (2684 + -2556).
-70
Calculate (2 - 1) + (-20 - -9) - -21.
11
Calculate 159 + -1 - (-182 + (493 - 266)).
113
What is 5 - (8 + -4 - (19 - (-10 - -16)))?
14
What is -51 - 2 - (-7 + 18 - 21)?
-43
Calculate (521 - 557 - (1 - -15)) + 42.
-10
What is -17 + (-1 - -3) + 3 + (13 - (82 + 26))?
-107
Calculate (-5 + 15 - 18 - -17) + -44.
-35
What is -10 + (5 - 0 - (261 - 262)) + 39?
35
Evaluate 1 + -99 + 48 + 31.
-19
What is the value of -3 - 2 - -3 - (-58 + 66) - (2 + 42)?
-54
-56 - (-24 - -2) - -41
7
(-46 - -66 - (2 - 2)) + 17
37
Calculate -42 + (-27 - -21) + 23 + 27.
2
(-4 - -19) + -4 + 79 + (45 - 46)
89
What is the value of -4 + (10 + -36 - (13 - 3))?
-40
57 - (-67 - -60 - -84)
-20
(-8 - -1) + 4 + -6 + 2 + (-54 - -38)
-23
What is -36 + -5 + 19 + -10 - -11?
-21
Evaluate 141 + 68 + -127 + -127.
-45
Evaluate (4422 - 4449) + (16 - -2).
-9
Calculate (-459 - -465) + 1 + -24 + -11.
-28
What is the value of -111 + (170 - 40) - (13 + 2)?
4
What is the value of (-7 + (3 - -1) - -15) + 470 + -461?
21
47 - -2 - (9 - ((-40 - -25) + 16))
41
Evaluate 3 - 3 - (-11 + (4 + -2 - 1)) - -57.
67
-3 + (-44 - (23 + -60))
-10
Calculate -1021 - -1020 - (2 + 0 - 20).
17
What is the value of 21 + -15 + (42 - -23) + -21 + -20?
30
What is 58 - (-12 + 26 + 18) - 115?
-89
Evaluate 12 + -12 + 12 + -13 + 7 - 14.
-8
What is the value of -3 + -4 + (-29 - (-3 - 25)) + -60?
-68
-818 + 844 - (81 + 2 + -2)
-55
(187 - 206) + -23 + 2
-40
(-7 - -4) + -29 + (-11 + -1 - -4) + 0
-40
What is the value of 24 - ((-16 - -16) + -17)?
41
((-19 - -10) + 11 + (9 - 5) - -7) + -102
-89
What is -8 - (89 + 4 + -52)?
-49
Evaluate (74 - 10) + -35 + 22.
51
What is 11 + -5 + 55 + -44?
17
What is the value of 14 + -4 + -4 - (54 + (-38 - -10 - -23))?
-43
-17 - -11 - (114 - (34 - -1))
-85
What is the value of (-40 - (-63 - 95)) + -40?
78
What is the value of 157 + (283 - 439) - (0 + 0 + 1 + 10)?
-10
Evaluate (47 - -66) + -3 + -3 + -23.
84
What is -33 + (1 + 20 - 45) + 22?
-35
What is the value of -14 + (286 - 258 - (0 - -6))?
8
What is 0 + 16 + -4 + 5 + 16?
33
(24 - 1 - -2) + (1606 - 1595)
36
Calculate -37 + (30 - 3) - (-4 + (56 - -2) + -1).
-63
What is (-70 - (20 + -17)) + 43?
-30
Evaluate -50 - (-60 - (18 - 9)).
19
What is (-18 + 29 + -5 - -3) + -108 + -13?
-112
-1 + (-7 + 14 + (-7 - -2) - (3 - 3))
1
Calculate (12 + 34 - (74 + -29)) + (16 - 2 - 1).
14
What is the value of 0 + (2 - -15 - (456 - 467 - (-1 + -22)))?
5
67 + -79 - (-3 - 3 - (-27 + -6))
-39
What is the value of (-99 + -13 - -30) + 37?
-45
8 - -5 - (-179 - -185)
7
Evaluate 25 + 9 + (20 + 4 - -21).
79
What is the value of (-15 + 13 + 13 - 48) + 5?
-32
What is (0 - 15) + -147 + 162?
0
Evaluate -16 + (-40 - -33) + 0.
-23
What is -30 + 130 + -31 + -4 + (7 - -21)?
93
Calculate (-9 - (16 - 14) - -37) + -9 + (-1 - 3).
13
13 - (1 + (-10 - (-7 - (-3 + -2))))
20
What is -54 - -1 - (-1463 + 1288)?
122
-42 + (1 - 2) - (-430 - -407)
-20
132 + -94 + -94 + (-38 - 1)
-95
Evaluate (-1 - 170) + -3676 + 3750.
-97
Evaluate 27 - (-41 - (2 + -33)) - (10 + 1).
26
Evaluate 53 + -52 + 48 - 71 - ((-11 - -1) + 0).
-12
(1 - -3) + 8 + (-20 - -6)
-2
What is 48 + (-2 + 2 - (1 + 2) - (-89 + 78))?
56
What is -2 - 20 - (6 - (71 - -43 - 51))?
35
What is (43 - (12 - (-68 - -36))) + 44?
43
Evaluate -11 + (-23 - -41) - 34 - -85.
58
Calculate 9 - 61 - (-266 - -281).
-67
61 + -1 + 4 + 6 + (-11 - (-8 - -9))
58
Calculate 1 - 1 - (1 + 2) - (220 + -262).
39
What is -7 + -5 + -7 + (6 - (5 - 17 - -17))?
-18
What is the value of (-137 - 1) + 2 + (-47 - -68)?
-115
What is the value of -19 + 4 + (-23 - -25 - -34)?
21
35 - (-20 + (60 - 21) + -8) - 63
-39
Calculate (8 - -5 - (19 + -7 + -5 + 16)) + 62.
52
Evaluate 3825 + -3702 + (-18 - 4).
101
What is the value of -5 + (-12 - -5) - (-11 - (-9 + -5))?
-15
(23 - 17) + (-70 - ((5 - 2) + -7)) + 4
-56
What is (-13 - 6) + 35 - 57?
-41
(120 - 41) + (-23 - -56)
112
Evaluate -10 + 1 + (-108 - -51) + 80 + -100.
-86
Evaluate -1 - 2 - (-1 - -9) - (-144 + 98).
35
Calculate -2 + -21 + (-128 + 108 - -48).
5
(17 - 36) + 24 + 2 + -3
4
Calculate -18 + 19 + (11 - -3 - 2).
13
-16 - (-3 - 1 - (-818 - -861))
31
What is 96 + -4 + (-6 + -24 + 6 - -14) + 1?
83
Evaluate 57 + -99 + 34 + 14.
6
Evaluate -99 - -53 - -77 - -22.
53
What is the value of 24 + (21 - (39 + 6)) + -16?
-16
What is the value of 1 + -55 + (7 - (79 + -45 + -36))?
-45
What is 13 + -48 - (-40 - -9 - -23)?
-27
Calculate -99 + -1 + -2784 + 2896.
12
Evaluate 7 + -38 + -5 + 0 + 7.
-29
What is the value of 73 + (37 + -79 - 55)?
-24
Calculate (-1 - 40) + -7 + 2.
-46
Evaluate -19 + 9 + 0 + 1 + 17 - 85.
-77
What is the value of 5 - -2 - (8 - ((-1 - -7) + -1))?
4
What is the value of -39 + 16 + 6 + 38 - 10?
11
What is the value of -48 + 22 + -7 + -36 - -19?
-50
Evaluate 1 + 0 + 15 + 7705 + -7752.
-31
Evaluate 37 - (47 - 26) - -42.
58
What is -3 + 33 + -21 - 1?
8
Evaluate -2 + (5 - -1) - (-223 + 123 + 70).
34
Evaluate 55 + 49 + -101 + (2 - -109).
114
41 + 72 + 35 + -96
52
What is -13 + (8 - (-49 + (0 - 5)) - (1 - 15))?
63
Evaluate 8 - ((125 - 6) + -50).
-61
What is the value of 0 + (-52 - -109 - 64 - (1 + 3 + -1))?
-10
Calculate 5 - (-55 - -2 - -52).
6
Evaluate (-45 - (13 + -62)) + 5 + 42.
51
(65 - (-23 + 93)) + 9 + (-3 - -2) + 3
6
Calculate 37 - -1 - (-14 - -6 - -159).
-113
Evaluate (14 - (7 - 32 - 0) - -5) + 7 + 1.
52
-53 + 41 + -12 + 96 + -34
38
-134 + (79 + -27 - 24 - -10)
-96
Calculate -44 + 1 - (1813 - 1789).
-67
What is the value of 81 + -170 + (-6 - (-20 - 7))?
-68
(36 - 66) + 7 + 2 + -10
-31
13 - (-28 + 52) - (-57 + -1) - 6
41
Calculate 4 - (-4 + -8 - (-5 - (1 + 0))).
10
Evaluate (16 - 19) + -2 + (14 + -64 - -5).
-50
What is the value of 3 + -19 + -2 + -36 + 64?
10
Calculate -105 + 513 + -510 + 0 + 4.
-98
What is the value of (1 - 0 - 2) + 316 + -294 - 84?
-63
(11 + -7 + 2 - 0) + (-27 - -11) - 85
-95
What is 2 - -6 - (-20 - 